
Let d be (-8 - -1) + 0 + -14 + 91. Let y(c) = c**3 - 8*c**2 - 6*c + 3. Let t be y(9). What is the highest common factor of t and d?
10
Suppose 12*o - 1539 = -868 + 2713. What is the greatest common factor of 2 and o?
2
Let p be 9/(-2) - (-651)/42. What is the greatest common factor of 209 and p?
11
Let a(k) = 37*k + 1929. Let w be a(-52). What is the highest common factor of 7465 and w?
5
Suppose 0 = 69*t + 65*t - 129*t - 845. Calculate the greatest common factor of 33293 and t.
169
Suppose 0 = 2*f + 5*v - 6136, -6*f - 3*v + 6136 = -4*f. Calculate the highest common divisor of f and 572.
52
Suppose 0 = v - 4*h + 12, -30 = -5*v - 5*h + 10. Suppose -4*j = -1 - 3. Suppose -v*x + j + 35 = 0. Calculate the greatest common factor of 1 and x.
1
Let h(t) be the third derivative of 3*t**5/10 + 13*t**4/24 - 5*t**3/6 - 199*t**2. Let s be h(-4). Calculate the highest common factor of s and 77.
77
Suppose -3*a + 0*u + 10 = -2*u, a - 5 = u. Suppose -8*m + 727 + 41 = a. Calculate the highest common factor of 240 and m.
48
Suppose -2*i - 9*i + 44 = 0. Suppose -a + i*f + 85 = 23, 2*f + 276 = 4*a. What is the highest common factor of a and 35?
35
Suppose 2*k + 97 = 101. Suppose 2*j = 3*q + 1343, -k*j + q + 1569 = 228. Calculate the greatest common factor of 10 and j.
10
Let z(x) = x**2 + 476*x + 16267. Let r be z(-37). Suppose 0 = 5*k + 2*n + 554 - 1628, 0 = -4*k + 3*n + 873. Calculate the greatest common factor of k and r.
24
Let l be (-43)/(-6) + 0 + 4/(-24). Suppose -y + u + 4 + l = 0, y = 3*u + 21. Let i(k) = k + 11. Let h be i(-9). What is the greatest common divisor of y and h?
2
Let k(h) = -3676*h + 15488. Let b be k(4). What is the highest common factor of 2401 and b?
49
Suppose 52*g - 13589 - 13582 = -3043. Calculate the highest common factor of 812 and g.
116
Suppose 2*f - 14943 = -6*y + 14363, 4*y - 19539 = -3*f. What is the highest common factor of y and 1998?
222
Let k(n) = -n**3 - 77*n**2 - 1461*n - 135. Let g be k(-44). Let w = -4 + 13. Calculate the greatest common factor of g and w.
9
Let x(m) = -6 + 1 + 1 - 43*m. Suppose -68*c - 94 - 178 = 0. Let b be x(c). What is the highest common divisor of b and 21?
21
Suppose 0*u = 3*u - 135. Suppose -3*d + u = 2*d. Let w(f) = -f**3 + 9*f**2 + 2*f - 7. Let i be w(d). What is the greatest common divisor of i and 88?
11
Suppose -14*n + 5*z - 148 = -18*n, -5*z - 62 = -n. Let d be (-4)/n + 1/(21/863). What is the greatest common divisor of d and 533?
41
Let d(s) = -46 + 17*s**2 + 20*s - 18*s**2 - 26. Let l be d(8). Calculate the highest common factor of l and 32.
8
Suppose -6*k - 85 = -k - w, 4*w = 20. Let t = 27 + k. What is the greatest common factor of 33 and t?
11
Let o(b) = 2*b**2 - 28*b + 23. Let h be o(12). Let l be (0 + 27 + 3)*(-480)/h. Calculate the highest common factor of 64 and l.
64
Let r(f) = -f**3 + 15*f**2 + 39*f - 339. Let u be r(16). Calculate the highest common divisor of u and 609.
29
Suppose 0 = 5*d - 133 - 167. Suppose 4*g = 4*q + d, 2*g + 2*q - 27 = g. Let l = 1 + g. What is the greatest common factor of l and 10?
10
Let p(w) = 2*w**3 - 7*w**2 + 10*w - 8. Let f be p(3). Suppose 18 = f*k - 10*k. Let v = 19 + -7. What is the highest common factor of v and k?
6
Let d = -60 + 85. Suppose -3*g - 1 = -10. Let c be 20*3/18*g. Calculate the greatest common divisor of c and d.
5
Suppose 0 = -2*n - 4*n + 126. Suppose -5*r + n = 1. Let d be (-56)/2*(33/(-6) + r). Calculate the greatest common factor of 28 and d.
14
Let g = -1260 - -713. Let q = g + 223. Let h be 8/(-6)*q/8. What is the greatest common factor of h and 18?
18
Let r = 419 - 183. Let v(i) = 19*i**3 + i**2 + i - 2. Let w be v(-2). Let p = w + r. What is the greatest common factor of p and 21?
21
Suppose -682 = 99*q - 21 - 5314. Calculate the highest common divisor of q and 611.
47
Let k be 59875/50 + (35/10 - 5). What is the highest common factor of 52 and k?
52
Let j = 10707 + -10695. What is the highest common factor of 6108 and j?
12
Let n(m) = -m**3 - 27*m**2 - 189*m - 68. Let z be n(-12). What is the greatest common factor of z and 55?
5
Let u be 518 + -70 + (16/(-6))/(8/12). Calculate the highest common factor of u and 16206.
222
Let g be (-38)/(-6) - 7/(168/32). Suppose 3*x - 7 - 2 = -2*o, -g*o = -3*x - 12. Suppose 3*p + 2*p - 35 = 0. Calculate the greatest common divisor of p and x.
1
Let x = 17 + 25. Let p(i) = 6*i**2 + 15. Let d be p(6). Calculate the greatest common factor of d and x.
21
Let s(u) = 401*u**2 - 11*u - 48. Let v be s(3). What is the highest common factor of v and 48?
24
Let g = -327 + 334. Suppose g = i + 5*x, 8*i - 145 = 3*i - 3*x. Let a = -1 + 9. Calculate the highest common divisor of i and a.
8
Let r be (-1 - -1)/(75/(-25)). Suppose -5*g - 3*k - 2 + 10 = 0, r = -5*g + k + 24. Let q be 10/(-6)*(-9 - -3). What is the highest common divisor of q and g?
2
Suppose 311*v = 309*v + 3*t + 35, 2*v + 2*t = 10. What is the highest common factor of 3110 and v?
10
Let m = 145 - 136. Suppose 6*q + 6 = m*q, -2*r = 5*q - 32. Suppose 0 = v, -z - 2*v + 44 = -0*v. What is the greatest common divisor of r and z?
11
Let f be (-2)/(-15) - (-84)/45. Suppose f*s - 91 = 25. Suppose -h = h - s. What is the greatest common divisor of 29 and h?
29
Let k = 236 + -240. Let u be (1638/39)/((-6)/k). What is the highest common divisor of u and 182?
14
Let g = 2872 - -2524. Calculate the greatest common divisor of 304 and g.
76
Let u be (-12529280)/(-560) - (-4)/14. Suppose 9126 = -24*j + u. Calculate the highest common divisor of j and 24.
24
Let x(j) = 4*j - 21. Let l be x(3). Let o be (l - 0)*17/(-3). Calculate the highest common factor of o and 663.
51
Suppose -3*y = 4*z + 79, 225 = -5*y - z + 65. Let g be 3 - -6*(-28)/6. Let q = g - y. What is the greatest common factor of 1 and q?
1
Let k(u) = 5*u**3 - 22*u**2 + 83*u - 468. Let b be k(5). Let d = 18 - 10. What is the greatest common factor of d and b?
2
Let a(m) = -m**2 + 10*m + 3. Let n be a(10). Let x(q) = 6 + n - 2*q + 11. Let k be x(6). What is the highest common factor of k and 8?
8
Let l = -2849 + 3226. What is the highest common factor of l and 319?
29
Let n = -95 + 158. Suppose -26*p + 28 = -24*p + u, -3*p = -4*u - 42. Calculate the greatest common divisor of p and n.
7
Let m = 616 + -369. Let u be (-1 + 23)*114/132. Calculate the highest common divisor of m and u.
19
Suppose -l = 13*l - 560. Let n = 33 + -2. Let x = n - 21. What is the greatest common divisor of x and l?
10
Suppose -2*c + 5*u + 3406 + 1403 = 0, -3*c + 7217 = -4*u. Calculate the greatest common divisor of c and 58.
29
Let r = -1109 - -1806. Calculate the highest common divisor of r and 2.
1
Let u be (-2 - -7)*15 + -3. Calculate the highest common factor of 568 and u.
8
Let q(i) be the first derivative of -25*i**4 + i**2/2 - 22. Let k be q(-1). Suppose k = 5*t + 4*t. Calculate the greatest common divisor of t and 121.
11
Let o be 120/450 - (-51808)/120. What is the highest common divisor of 1536 and o?
48
Suppose -3*x = -2*u + 93, 4*u - 176 = -2*x - 2*x. Suppose -7*p + u = -4*p. Let s = 107 - -28. Calculate the greatest common divisor of s and p.
15
Let h = 573 - 398. Suppose -21*i + h = -16*i. Calculate the highest common factor of 21 and i.
7
Suppose -5*u - 27 + 7 = 0. Let h be u/(-4) - (-2 - 2). Calculate the greatest common factor of h and 8.
1
Let p = -9117 + 9140. Suppose -2526 = -5*z - 341. Calculate the greatest common factor of z and p.
23
Let i(s) = 8*s + 367. Let m be i(26). What is the highest common factor of m and 2415?
115
Suppose 0 = m + 2*p - 12, 3*m + 3 = -p + 24. What is the highest common divisor of m and 51?
3
Let r(g) = -g**3 + 17*g**2 + 69*g - 545. Let s be r(12). Calculate the highest common divisor of s and 236.
59
Let d = -41 - -73. Let f = -110 - -110. Suppose 4*g + 2*a - 3*a - 33 = f, 4*g - 29 = -3*a. Calculate the greatest common factor of g and d.
8
Let n = 306327 - 306183. Suppose 0 = 4*k - 235 - 245. Calculate the highest common factor of k and n.
24
Suppose -40*w = -33*w - 2464. Let h = 12 + w. Calculate the highest common divisor of h and 13.
13
Let n(l) = l**2 - 13*l + 22. Suppose 164 + 82 = -5*h - 2*t, -2*t = -4. Let k = h + 68. Let b be n(k). Calculate the highest common divisor of b and 14.
14
Let h = -1374 - -1626. What is the greatest common divisor of h and 63?
6